{"id":550,"date":"2026-03-04T13:52:18","date_gmt":"2026-03-04T11:52:18","guid":{"rendered":"https:\/\/www.granux.fi\/?page_id=550"},"modified":"2026-03-22T19:13:27","modified_gmt":"2026-03-22T17:13:27","slug":"hinnasto","status":"publish","type":"page","link":"https:\/\/www.granux.fi\/index.php\/hinnasto\/","title":{"rendered":"Hinnasto"},"content":{"rendered":"\t\t<div data-elementor-type=\"wp-page\" data-elementor-id=\"550\" class=\"elementor elementor-550\">\n\t\t\t\t<div class=\"elementor-element elementor-element-742c41e e-flex e-con-boxed e-con e-parent\" data-id=\"742c41e\" data-element_type=\"container\">\n\t\t\t\t\t<div class=\"e-con-inner\">\n\t\t\t\t<div class=\"elementor-element elementor-element-b0acab8 elementor-widget elementor-widget-heading\" data-id=\"b0acab8\" data-element_type=\"widget\" data-widget_type=\"heading.default\">\n\t\t\t\t\t<h2 class=\"elementor-heading-title elementor-size-default\">HINNASTO<\/h2>\t\t\t\t<\/div>\n\t\t\t\t<div class=\"elementor-element elementor-element-d48479b elementor-widget elementor-widget-text-editor\" data-id=\"d48479b\" data-element_type=\"widget\" data-widget_type=\"text-editor.default\">\n\t\t\t\t\t\t\t\t\t<p>GRANUX tarjoaa selke\u00e4t ja reilut hinnat kotitalouksien siivous- ja pihanhoitopalveluihin Helsingin alueella. Jos ty\u00f6 vaatii yksil\u00f6llisen arvion teemme mielell\u00e4mme tarjouksen. Meill\u00e4 on sama hinta riippumatta viikonp\u00e4iv\u00e4st\u00e4 tai siit\u00e4 onko kodissanne lemmikkej\u00e4 vai ei. Meill\u00e4 maksat ainoastaan tehdyn ty\u00f6ajan mukaan &#8211; Ei piilokuluja!<\/p>\t\t\t\t\t\t\t\t<\/div>\n\t\t\t\t\t<\/div>\n\t\t\t\t<\/div>\n\t\t<div class=\"elementor-element elementor-element-024f9a8 e-flex e-con-boxed e-con e-parent\" data-id=\"024f9a8\" data-element_type=\"container\">\n\t\t\t\t\t<div class=\"e-con-inner\">\n\t\t\t\t<div class=\"elementor-element elementor-element-d743473 elementor-widget elementor-widget-image\" data-id=\"d743473\" data-element_type=\"widget\" data-widget_type=\"image.default\">\n\t\t\t\t\t\t\t\t\t\t\t\t\t\t\t<img fetchpriority=\"high\" decoding=\"async\" width=\"724\" height=\"1024\" src=\"https:\/\/www.granux.fi\/wp-content\/uploads\/2026\/03\/granux-kevat-hinnasto-724x1024.png\" class=\"attachment-large size-large wp-image-645\" alt=\"\" srcset=\"https:\/\/www.granux.fi\/wp-content\/uploads\/2026\/03\/granux-kevat-hinnasto-724x1024.png 724w, https:\/\/www.granux.fi\/wp-content\/uploads\/2026\/03\/granux-kevat-hinnasto-212x300.png 212w, https:\/\/www.granux.fi\/wp-content\/uploads\/2026\/03\/granux-kevat-hinnasto-768x1086.png 768w, https:\/\/www.granux.fi\/wp-content\/uploads\/2026\/03\/granux-kevat-hinnasto-1086x1536.png 1086w, https:\/\/www.granux.fi\/wp-content\/uploads\/2026\/03\/granux-kevat-hinnasto.webp 1357w\" sizes=\"(max-width: 724px) 100vw, 724px\" \/>\t\t\t\t\t\t\t\t\t\t\t\t\t\t\t<\/div>\n\t\t\t\t\t<\/div>\n\t\t\t\t<\/div>\n\t\t<div class=\"elementor-element elementor-element-5ad4bec e-flex e-con-boxed e-con e-parent\" data-id=\"5ad4bec\" data-element_type=\"container\">\n\t\t\t\t\t<div class=\"e-con-inner\">\n\t\t\t\t<div class=\"elementor-element elementor-element-9aba3d0 elementor-widget elementor-widget-heading\" data-id=\"9aba3d0\" data-element_type=\"widget\" data-widget_type=\"heading.default\">\n\t\t\t\t\t<h2 class=\"elementor-heading-title elementor-size-default\">Kotitalousv\u00e4hennys<\/h2>\t\t\t\t<\/div>\n\t\t\t\t<div class=\"elementor-element elementor-element-9319a89 elementor-widget elementor-widget-text-editor\" data-id=\"9319a89\" data-element_type=\"widget\" data-widget_type=\"text-editor.default\">\n\t\t\t\t\t\t\t\t\t<p>Palvelumme ovat kotitalousv\u00e4hennyskelpoisia, joka tarkoittaa, ett\u00e4 jokainen asiakkaamme voi saada verotuksessa v\u00e4hennyst\u00e4 -35% ty\u00f6n kustannuksista<\/p>\t\t\t\t\t\t\t\t<\/div>\n\t\t\t\t<div class=\"elementor-element elementor-element-80bdba5 elementor-widget elementor-widget-heading\" data-id=\"80bdba5\" data-element_type=\"widget\" data-widget_type=\"heading.default\">\n\t\t\t\t\t<h2 class=\"elementor-heading-title elementor-size-default\">PYYD\u00c4 TARJOUS<\/h2>\t\t\t\t<\/div>\n\t\t\t\t<div class=\"elementor-element elementor-element-2fd9018 elementor-widget elementor-widget-text-editor\" data-id=\"2fd9018\" data-element_type=\"widget\" data-widget_type=\"text-editor.default\">\n\t\t\t\t\t\t\t\t\t<p>Tarvitsetko tarkemman hinnan? Ota yhteytt\u00e4 ja kerro miss\u00e4 tarvitsisit apua.<\/p>\t\t\t\t\t\t\t\t<\/div>\n\t\t\t\t<div class=\"elementor-element elementor-element-2d1be98 elementor-widget elementor-widget-button\" data-id=\"2d1be98\" data-element_type=\"widget\" data-widget_type=\"button.default\">\n\t\t\t\t\t\t\t\t\t\t<a class=\"elementor-button elementor-button-link elementor-size-sm\" href=\"#hinnastoyhteydenotto\">\n\t\t\t\t\t\t<span class=\"elementor-button-content-wrapper\">\n\t\t\t\t\t\t\t\t\t<span class=\"elementor-button-text\">PYYD\u00c4 TARJOUS<\/span>\n\t\t\t\t\t<\/span>\n\t\t\t\t\t<\/a>\n\t\t\t\t\t\t\t\t<\/div>\n\t\t<div class=\"elementor-element elementor-element-e48b339 e-grid e-con-full e-con e-child\" data-id=\"e48b339\" data-element_type=\"container\">\n\t\t\t\t<div class=\"elementor-element elementor-element-42189f1 elementor-widget elementor-widget-heading\" data-id=\"42189f1\" data-element_type=\"widget\" data-widget_type=\"heading.default\">\n\t\t\t\t\t<h2 class=\"elementor-heading-title elementor-size-default\"><a href=\"\/index.php\/kotisiivous-helsinki\/\"><br><br><br><br><h2 data-elementor-setting-key=\"title\" data-pen-placeholder=\"Kirjoita t\u00e4h\u00e4n...\" style=\"font-family: Roboto, sans-serif;font-weight: 600\">Tutustu siivouspalveluihimme<\/h2><br><br><br><br><\/a><\/h2>\t\t\t\t<\/div>\n\t\t\t\t<div class=\"elementor-element elementor-element-7171cd6 elementor-widget elementor-widget-heading\" data-id=\"7171cd6\" data-element_type=\"widget\" data-widget_type=\"heading.default\">\n\t\t\t\t\t<h2 class=\"elementor-heading-title elementor-size-default\"><a href=\"\/index.php\/pihatyot-helsinki\/\"><br><br><br><br><h2 data-elementor-setting-key=\"title\" data-pen-placeholder=\"Kirjoita t\u00e4h\u00e4n...\" style=\"font-family: Roboto, sans-serif;font-weight: 600\">Tutustu pihat\u00f6ihin<\/h2><br><br><br><br><\/a><\/h2>\t\t\t\t<\/div>\n\t\t\t\t<\/div>\n\t\t\t\t<div class=\"elementor-element elementor-element-734a34f elementor-widget elementor-widget-menu-anchor\" data-id=\"734a34f\" data-element_type=\"widget\" data-widget_type=\"menu-anchor.default\">\n\t\t\t\t\t\t\t<div class=\"elementor-menu-anchor\" id=\"hinnastoyhteydenotto\"><\/div>\n\t\t\t\t\t\t<\/div>\n\t\t<div class=\"elementor-element elementor-element-20baf41 e-con-full e-flex e-con e-child\" data-id=\"20baf41\" data-element_type=\"container\">\n\t\t<div class=\"elementor-element elementor-element-e3c5044 e-grid e-con-full e-con e-child\" data-id=\"e3c5044\" data-element_type=\"container\">\n\t\t\t\t<div class=\"elementor-element elementor-element-1faa95b elementor-widget elementor-widget-shortcode\" data-id=\"1faa95b\" data-element_type=\"widget\" id=\"hinnastoyhteys\" data-widget_type=\"shortcode.default\">\n\t\t\t\t\t\t\t<div class=\"elementor-shortcode\">\n<div class=\"wpcf7 no-js\" id=\"wpcf7-f163-o1\" lang=\"fi\" dir=\"ltr\" data-wpcf7-id=\"163\">\n<div class=\"screen-reader-response\"><p role=\"status\" aria-live=\"polite\" aria-atomic=\"true\"><\/p> <ul><\/ul><\/div>\n<form action=\"\/index.php\/wp-json\/wp\/v2\/pages\/550#wpcf7-f163-o1\" method=\"post\" class=\"wpcf7-form init\" aria-label=\"Yhteydenottolomake\" novalidate=\"novalidate\" data-status=\"init\">\n<fieldset class=\"hidden-fields-container\"><input type=\"hidden\" name=\"_wpcf7\" value=\"163\" \/><input type=\"hidden\" name=\"_wpcf7_version\" value=\"6.1.4\" \/><input type=\"hidden\" name=\"_wpcf7_locale\" value=\"fi\" \/><input type=\"hidden\" name=\"_wpcf7_unit_tag\" value=\"wpcf7-f163-o1\" \/><input type=\"hidden\" name=\"_wpcf7_container_post\" value=\"0\" \/><input type=\"hidden\" name=\"_wpcf7_posted_data_hash\" value=\"\" \/>\n<\/fieldset>\n<p><label> Nimesi<br \/>\n<span class=\"wpcf7-form-control-wrap\" data-name=\"your-name\"><input size=\"40\" maxlength=\"400\" class=\"wpcf7-form-control wpcf7-text wpcf7-validates-as-required\" autocomplete=\"name\" aria-required=\"true\" aria-invalid=\"false\" value=\"\" type=\"text\" name=\"your-name\" \/><\/span> <\/label>\n<\/p>\n<p><label> S\u00e4hk\u00f6postiosoitteesi<br \/>\n<span class=\"wpcf7-form-control-wrap\" data-name=\"your-email\"><input size=\"40\" maxlength=\"400\" class=\"wpcf7-form-control wpcf7-email wpcf7-validates-as-required wpcf7-text wpcf7-validates-as-email\" autocomplete=\"email\" aria-required=\"true\" aria-invalid=\"false\" value=\"\" type=\"email\" name=\"your-email\" \/><\/span> <\/label>\n<\/p>\n<p><label> Aihe<br \/>\n<span class=\"wpcf7-form-control-wrap\" data-name=\"your-subject\"><input size=\"40\" maxlength=\"400\" class=\"wpcf7-form-control wpcf7-text wpcf7-validates-as-required\" aria-required=\"true\" aria-invalid=\"false\" value=\"\" type=\"text\" name=\"your-subject\" \/><\/span> <\/label>\n<\/p>\n<p><label> Viestisi (valinnainen)<br \/>\n<span class=\"wpcf7-form-control-wrap\" data-name=\"your-message\"><textarea cols=\"40\" rows=\"10\" maxlength=\"2000\" class=\"wpcf7-form-control wpcf7-textarea\" aria-invalid=\"false\" name=\"your-message\"><\/textarea><\/span> <\/label>\n<\/p>\n<p><span class=\"wpcf7-form-control-wrap\" data-name=\"yhteydenotto\"><span class=\"wpcf7-form-control wpcf7-checkbox\"><span class=\"wpcf7-list-item first last\"><label><input type=\"checkbox\" name=\"yhteydenotto[]\" value=\"Haluan, ett\u00e4 minuun ollaan yhteydess\u00e4 ja samalla hyv\u00e4ksyn, ett\u00e4 antamiani tietoja k\u00e4ytet\u00e4\u00e4n yhteidenottoa varten\" \/><span class=\"wpcf7-list-item-label\">Haluan, ett\u00e4 minuun ollaan yhteydess\u00e4 ja samalla hyv\u00e4ksyn, ett\u00e4 antamiani tietoja k\u00e4ytet\u00e4\u00e4n yhteidenottoa varten<\/span><\/label><\/span><\/span><\/span>\n<\/p>\n<p><input class=\"wpcf7-form-control wpcf7-submit has-spinner\" type=\"submit\" value=\"L\u00e4het\u00e4\" \/>\n<\/p><div class=\"wpcf7-response-output\" aria-hidden=\"true\"><\/div>\n<\/form>\n<\/div>\n<\/div>\n\t\t\t\t\t\t<\/div>\n\t\t\t\t<div class=\"elementor-element elementor-element-391de98 elementor-widget elementor-widget-html\" data-id=\"391de98\" data-element_type=\"widget\" id=\"hinnastoyhteys\" data-widget_type=\"html.default\">\n\t\t\t\t\t<div class=\"yritys-contact-card\">\r\n  <h3>Yhteystiedot<\/h3>\r\n  <p class=\"contact-intro\">\r\n    Pyyd\u00e4 tarjous tai ota yhteytt\u00e4 - Vastaamme yleens\u00e4 saman p\u00e4iv\u00e4n aikana.\r\n  <\/p>\r\n\r\n  <div class=\"contact-item\">\r\n    <span class=\"contact-icon phone\" aria-hidden=\"true\">\r\n      <!-- Phone -->\r\n      <svg viewBox=\"0 0 24 24\" class=\"icon-svg\"><path d=\"M6.6 10.8c1.6 3.1 3.5 5 6.6 6.6l2.2-2.2c.3-.3.8-.4 1.2-.2 1 .4 2.1.7 3.2.7.7 0 1.2.5 1.2 1.2V21c0 .7-.5 1.2-1.2 1.2C10.4 22.2 1.8 13.6 1.8 3.6 1.8 2.9 2.3 2.4 3 2.4H6c.7 0 1.2.5 1.2 1.2 0 1.1.2 2.2.7 3.2.1.4 0 .9-.2 1.2l-2.1 2z\"\/><\/svg>\r\n    <\/span>\r\n    <div>\r\n      <strong>Puhelin<\/strong><br>\r\n      <a href=\"tel:+358469484643\">046 948 4643<\/a>\r\n    <\/div>\r\n  <\/div>\r\n\r\n  <div class=\"contact-item\">\r\n    <span class=\"contact-icon whatsapp\" aria-hidden=\"true\">\r\n      <!-- WhatsApp -->\r\n      <svg viewBox=\"0 0 32 32\" class=\"icon-svg\"><path d=\"M19.11 17.62c-.27-.14-1.6-.79-1.85-.88-.25-.09-.43-.14-.61.14-.18.27-.7.88-.86 1.06-.16.18-.32.2-.59.07-.27-.14-1.15-.42-2.19-1.34-.81-.72-1.35-1.6-1.51-1.87-.16-.27-.02-.41.12-.55.12-.12.27-.32.41-.48.14-.16.18-.27.27-.45.09-.18.05-.34-.02-.48-.07-.14-.61-1.48-.84-2.03-.22-.53-.45-.46-.61-.47h-.52c-.18 0-.48.07-.73.34-.25.27-.96.94-.96 2.29 0 1.35.98 2.65 1.12 2.83.14.18 1.93 2.95 4.68 4.13.65.28 1.16.45 1.55.58.65.21 1.24.18 1.71.11.52-.08 1.6-.65 1.82-1.28.23-.63.23-1.16.16-1.28-.07-.11-.25-.18-.52-.32z\"\/><path d=\"M16 3C8.83 3 3 8.66 3 15.63c0 2.25.61 4.45 1.77 6.37L3.6 28.9l7.14-1.85c1.86 1 3.97 1.53 6.17 1.53 7.17 0 13-5.66 13-12.63S23.17 3 16 3zm0 22.91c-2.02 0-3.9-.56-5.53-1.53l-.4-.23-4.23 1.1 1.13-4.05-.26-.41A10.72 10.72 0 0 1 5.17 15.63C5.17 10 10.01 5.43 16 5.43S26.83 10 26.83 15.63 21.99 25.91 16 25.91z\"\/><\/svg>\r\n    <\/span>\r\n    <div>\r\n      <strong>WhatsApp<\/strong><br>\r\n      <a href=\"https:\/\/wa.me\/358469484643\" target=\"_blank\" rel=\"noopener\">L\u00e4het\u00e4 viesti<\/a>\r\n    <\/div>\r\n  <\/div>\r\n\r\n  <div class=\"contact-item\">\r\n    <span class=\"contact-icon email\" aria-hidden=\"true\">\r\n      <!-- Envelope -->\r\n      <svg viewBox=\"0 0 24 24\" class=\"icon-svg\"><path d=\"M20 4H4c-1.1 0-2 .9-2 2v12c0 1.1.9 2 2 2h16c1.1 0 2-.9 2-2V6c0-1.1-.9-2-2-2zm0 4-8 5-8-5V6l8 5 8-5v2z\"\/><\/svg>\r\n    <\/span>\r\n    <div>\r\n      <strong>S\u00e4hk\u00f6posti<\/strong><br>\r\n      <a href=\"mailto:info@granux.fi\">info@granux.fi<\/a>\r\n    <\/div>\r\n  <\/div>\r\n  \r\n  <div class=\"contact-item\">\r\n  <span class=\"contact-icon facebook\" aria-hidden=\"true\">\r\n    <!-- Facebook -->\r\n    <svg viewBox=\"0 0 24 24\" class=\"icon-svg\">\r\n      <path d=\"M22 12.07C22 6.48 17.52 2 12 2S2 6.48 2 12.07c0 5.02 3.66 9.18 8.44 9.93v-7.03H7.9v-2.9h2.54V9.41c0-2.5 1.49-3.89 3.77-3.89 1.09 0 2.23.19 2.23.19v2.46h-1.26c-1.24 0-1.63.77-1.63 1.56v1.87h2.78l-.44 2.9h-2.34V22c4.78-.75 8.44-4.91 8.44-9.93z\"\/>\r\n    <\/svg>\r\n  <\/span>\r\n  <div>\r\n    <strong>Facebook<\/strong><br>\r\n    <a href=\"https:\/\/www.facebook.com\/granux\"\r\n       target=\"_blank\" rel=\"noopener\">\r\n       Seuraa meit\u00e4 Facebookissa\r\n    <\/a>\r\n  <\/div>\r\n<\/div>\r\n\r\n  <div class=\"contact-item\">\r\n    <span class=\"contact-icon linkedin\" aria-hidden=\"true\">\r\n      <!-- LinkedIn -->\r\n      <svg viewBox=\"0 0 24 24\" class=\"icon-svg\"><path d=\"M20.45 20.45h-3.56v-5.56c0-1.33-.03-3.05-1.86-3.05-1.86 0-2.14 1.45-2.14 2.95v5.66H9.33V9h3.41v1.56h.05c.47-.89 1.62-1.83 3.33-1.83 3.56 0 4.22 2.34 4.22 5.38v6.34zM5.34 7.43a2.07 2.07 0 1 1 0-4.14 2.07 2.07 0 0 1 0 4.14zM7.12 20.45H3.56V9h3.56v11.45z\"\/><\/svg>\r\n    <\/span>\r\n    <div>\r\n      <strong>LinkedIn<\/strong><br>\r\n      <a href=\"https:\/\/www.linkedin.com\/company\/granux-kiinteist\u00f6palvelut-granlund-oy\"\r\n         target=\"_blank\" rel=\"noopener\">Seuraa meit\u00e4 LinkedIniss\u00e4<\/a>\r\n    <\/div>\r\n  <\/div>\r\n<\/div>\r\n\t\t\t\t<\/div>\n\t\t\t\t<\/div>\n\t\t\t\t<\/div>\n\t\t\t\t\t<\/div>\n\t\t\t\t<\/div>\n\t\t\t\t<\/div>\n\t\t","protected":false},"excerpt":{"rendered":"<p>HINNASTO GRANUX tarjoaa selke\u00e4t ja reilut hinnat kotitalouksien siivous- ja pihanhoitopalveluihin Helsingin alueella. Jos ty\u00f6 vaatii yksil\u00f6llisen arvion teemme mielell\u00e4mme tarjouksen. Meill\u00e4 on sama hinta riippumatta viikonp\u00e4iv\u00e4st\u00e4 tai siit\u00e4 onko kodissanne lemmikkej\u00e4 vai ei. Meill\u00e4 maksat ainoastaan tehdyn ty\u00f6ajan mukaan &#8211; Ei piilokuluja! Kotitalousv\u00e4hennys Palvelumme ovat kotitalousv\u00e4hennyskelpoisia, joka tarkoittaa, ett\u00e4 jokainen asiakkaamme voi saada verotuksessa [&hellip;]<\/p>\n","protected":false},"author":1,"featured_media":0,"parent":0,"menu_order":0,"comment_status":"closed","ping_status":"closed","template":"","meta":{"footnotes":""},"class_list":["post-550","page","type-page","status-publish","hentry"],"_links":{"self":[{"href":"https:\/\/www.granux.fi\/index.php\/wp-json\/wp\/v2\/pages\/550","targetHints":{"allow":["GET"]}}],"collection":[{"href":"https:\/\/www.granux.fi\/index.php\/wp-json\/wp\/v2\/pages"}],"about":[{"href":"https:\/\/www.granux.fi\/index.php\/wp-json\/wp\/v2\/types\/page"}],"author":[{"embeddable":true,"href":"https:\/\/www.granux.fi\/index.php\/wp-json\/wp\/v2\/users\/1"}],"replies":[{"embeddable":true,"href":"https:\/\/www.granux.fi\/index.php\/wp-json\/wp\/v2\/comments?post=550"}],"version-history":[{"count":31,"href":"https:\/\/www.granux.fi\/index.php\/wp-json\/wp\/v2\/pages\/550\/revisions"}],"predecessor-version":[{"id":648,"href":"https:\/\/www.granux.fi\/index.php\/wp-json\/wp\/v2\/pages\/550\/revisions\/648"}],"wp:attachment":[{"href":"https:\/\/www.granux.fi\/index.php\/wp-json\/wp\/v2\/media?parent=550"}],"curies":[{"name":"wp","href":"https:\/\/api.w.org\/{rel}","templated":true}]}}